 i(c) = 5*c + c**3 + 8*c**2 - 4*c - 2*c + 9 + 2. Calculate the remainder when i(-8) is divided by o.
9
Suppose 4*x = 5*v - 1 - 3, 4*v - 2*x = 2. Suppose 3*l = -v*l + 21. Calculate the remainder when 12 is divided by l.
5
Calculate the remainder when 3*(0 + 0 - 1) + 19 is divided by 9.
7
Let d(t) = t**2 + 9*t + 12. Calculate the remainder when d(-11) is divided by 12.
10
Let b(n) = -11*n + 16. Let r be b(-12). Calculate the remainder when 2/(452/r + -3) is divided by 19.
18
Suppose -v + 57 + 0 = -3*f, 0 = -5*v - 15. Let b = 43 + f. Calculate the remainder when 89 is divided by b.
20
Suppose -26*p - 256 = -30*p. What is the remainder when p is divided by 23?
18
Let d = -7 - -4. Let i be 3 + (0/(-1))/d. Suppose 0 = -2*z + 4 + 6, 2*z + 20 = i*w. Calculate the remainder when 19 is divided by w.
9
Suppose -4*s + 193 = -23. What is the remainder when s is divided by 15?
9
Let b be 10/25 + (-26)/(-10). Suppose -60 = -4*g + 4*u, 3*g - 15 = -u + 34. Suppose -g = -l - b*l. What is the remainder when 15 is divided by l?
3
Let b(z) = 12*z - 3*z + z**2 - 2*z. Let l be b(-6). Let h = -1 - l. What is the remainder when 14 is divided by h?
4
Let v(n) = n**2 - 3*n - 5. Suppose 0 = f - 26 + 2. What is the remainder when f is divided by v(6)?
11
Let r(v) = -v**2 - 8*v - 5. Suppose 76 + 44 = 6*a. Calculate the remainder when a is divided by r(-6).
6
Suppose 0 = k - 5, u + 4*k - 44 = -9. Calculate the remainder when u is divided by 10.
5
Let n(v) = v**2 + 4*v - 9. Calculate the remainder when 10 is divided by n(-6).
1
Let g(q) = q**3 - 4*q**2 + 2*q - 2. Let o be g(4). What is the remainder when (1 - 3/o)*98 is divided by 17?
15
Suppose b - 3*r - 17 = 0, -2*b + 0*r + r + 14 = 0. Let y(p) = -p + 27. Calculate the remainder when b is divided by y(25).
1
Suppose -42 = -b - 3*k, -152 = -3*b + k + 3*k. What is the remainder when b is divided by 25?
23
Let p be (234/(-4))/(6/12). Calculate the remainder when 49 is divided by (p/(-12))/3*4.
10
What is the remainder when 1112/10 + (-13)/65 is divided by 19?
16
Suppose -3*j - 29 = -7*j - d, 0 = -j + 5*d + 23. What is the remainder when j is divided by 6?
2
What is the remainder when ((-12)/(-16))/(2/376) is divided by 9?
6
Let i(k) be the second derivative of 3*k**3/2 - k**2/2 - k. Calculate the remainder when 15 is divided by i(1).
7
Suppose -2*c = 5*o - 66, 2*o - 4*c = c + 38. What is the remainder when o is divided by 4?
2
What is the remainder when 93 is divided by 20 - (3 - (-2 + 1))?
13
Suppose 40 = 2*u - w + 3*w, 5*w = 2*u - 54. Calculate the remainder when 87 is divided by u.
21
Let y be 3 + (-3)/((-3)/(-2)). Suppose 2*r - 8 = -2*r. Calculate the remainder when 28 is divided by (r - y)/(1/15).
13
Suppose 17 + 1 = 2*j. Suppose 4*b - 49 = 15. What is the remainder when b is divided by j?
7
Let o(k) = 14*k**2 - 4*k - 3. Suppose 2*q + 74 = 4*q. Suppose 5*x - 5*t = 73 + q, -5*t = 3*x - 58. Calculate the remainder when o(-2) is divided by x.
19
Suppose 0*a + 20 = a. Let k = 2 - 4. Let q(z) = -5*z - 3. Calculate the remainder when a is divided by q(k).
6
Let d = -6 + 12. Calculate the remainder when 21 is divided by ((-4)/d)/(16/(-264)).
10
Let m = 13 - 3. Suppose -k + 4*r = 6 - 0, -3*k + m = 2*r. Suppose 0*y - k*y + 14 = 0. What is the remainder when y is divided by 3?
1
Let j(o) = -3*o - 14. What is the remainder when 13 is divided by j(-6)?
1
Let d(v) = -2*v + 14. Let j be d(8). Let m(y) = y**3 - 5*y**2 + y. Calculate the remainder when m(6) is divided by j/(-6)*(-3 - -36).
9
Let o(j) = -j + 7. What is the remainder when 20 is divided by o(-5)?
8
Let q(t) = 2*t**3 + t**2 - 3*t. Suppose -5*n = 3*r - 98, 80 - 18 = 3*n + 5*r. What is the remainder when q(3) is divided by n?
16
Let v(u) = u + 2. Let w be v(0). Suppose 4*s + x = 20, -2*s - 2*s + w*x + 32 = 0. Let m = -1 + s. What is the remainder when 9 is divided by m?
4
Let d(k) = -10*k. Suppose -2 = 6*m + 4. Calculate the remainder when 48 is divided by d(m).
8
Let m(n) = n**3 - 7*n**2 + 2*n - 10. Suppose -2 = 3*b - 23. Let x be m(b). Suppose x*s + s = 10. What is the remainder when s is divided by 2?
0
Suppose 9 = g - 4*i - 2, -5*g = 3*i - 55. Suppose -7*o + 2*o = -20. Let c = 36 - o. What is the remainder when c is divided by g?
10
Let a(n) = -35*n - 4. Suppose 5*p + 7 + 3 = 0. What is the remainder when a(p) is divided by 23?
20
Let r(y) = -y**2 - 9*y + 13. Suppose -4*u + 45 = u. Suppose l + u = -1. What is the remainder when 8 is divided by r(l)?
2
Let g = 103 - -15. Calculate the remainder when g is divided by 30.
28
Suppose 4*p = -44 + 164. Calculate the remainder when p is divided by 12.
6
Calculate the remainder when 58 is divided by 1/(-1)*-3 - (36 + -56).
12
Let c(n) = -n**2 + 13*n - 14. Calculate the remainder when 181 is divided by c(8).
25
Suppose 2*d - 15 = -d. Let g = -7 + 4. Let q = d + g. Calculate the remainder when 5 is divided by q.
1
Suppose 0 = 5*t + 6 - 31. Calculate the remainder when (-2)/(-12) + (-142)/(-12) is divided by t.
2
Suppose 0 = -4*n + 4*g + 48, -5*n - 3*g - g = -105. Calculate the remainder when n is divided by 5.
2
Let k(h) = h**2 - 10*h + 1. Let o be k(12). Suppose -4*b + o = -31. What is the remainder when b is divided by 8?
6
Suppose 3*u + 3*k + k = 40, u + 12 = 5*k. Let f(v) = v**2 + 3*v - 7. Let d be f(-5). Calculate the remainder when 82/6 + 1/d is divided by u.
6
Let s = 43 - 16. Suppose -4*n + 440 = 3*l, -5*n - 5*l = -212 - 343. What is the remainder when n is divided by s?
26
Let a = 131 - 87. Calculate the remainder when a is divided by 15.
14
Suppose 3*t + 4*z = 5*z + 56, -2*t + 19 = 3*z. What is the remainder when 65 is divided by t?
14
Suppose -4*j = -0*j - 148. Calculate the remainder when j is divided by -3*((-5)/(-4))/((-3)/8).
7
Let j = -98 - -187. Calculate the remainder when j is divided by 23.
20
Let c(x) be the third derivative of x**6/90 + x**4/24 + 2*x**2. Let v(h) be the second derivative of c(h). Calculate the remainder when v(3) is divided by 13.
11
Suppose 0*u = -2*u + 40. Suppose 5*d = 3*d + u. Suppose 2*a - 5 - 7 = 0. What is the remainder when d is divided by a?
4
Calculate the remainder when 46/(-2)*(0 + -1*2) is divided by 10.
6
Let q(n) = -n + 4. Let a be q(-5). Let x = 3 - a. Let z(c) = c**3 + 7*c**2 + c - 7. What is the remainder when z(x) is divided by 12?
11
Let x = 98 + -96. Calculate the remainder when 4 is divided by x.
0
Let u = -97 + 136. Calculate the remainder when 77 is divided by u.
38
Let a(v) = v + 2. Let t be a(-4). Let x = 3 + t. Let l(y) = y**3 + 3*y**2 - 1. Calculate the remainder when l(-2) is divided by x.
0
What is the remainder when 16/(-56) + 130/14 is divided by 3?
0
Suppose 0 = 4*c + 4*l - 1148, 316 = c - 5*l + 29. What is the remainder when c is divided by 58?
55
Suppose -2*t - 2*i - 51 = -7*t, 4*t - 3*i = 38. Suppose -2*w + 22 = -d - t, -w + 5*d = -21. What is the remainder when w is divided by 6?
4
Let w = 132 + -824. Let t be (-2)/(-6) - w/12. Suppose -5*x + t = -2. What is the remainder when 35 is divided by x?
11
Let q(r) = -r**3 + r**2 + r - 1. Let l be q(2). Let g be (l + -3)*1*-2. Suppose g = 5*t - 48. Calculate the remainder when 22 is divided by t.
10
Suppose 1 = 3*c + 4*a, c = -2*a - a - 8. Let r = c - 3. Suppose 4*q - 3*q - 6 = 0. What is the remainder when q is divided by r?
2
Let b = 24 - -17. Calculate the remainder when b is divided by 22.
19
Suppose 0*d + 80 = 2*d. Let z(n) = -n**2 - 8*n + 2. Let w be z(-8). Suppose -w*l + 0 + 28 = 0. What is the remainder when d is divided by l?
12
Let x be (-656)/(-56) - 4/(-14). Suppose x = 3*z + z. What is the remainder when 8 is divided by z?
2
Let d(c) = -c**3 + 8*c**2 - 7*c - 4. What is the remainder when d(6) is divided by 15?
11
Let q(j) = -j - 7. Let r be q(-4). Let a(y) = -3*y. What is the remainder when 34 is divided by a(r)?
7
Let p(u) = -5*u + 4. Let s be p(-3). Let l = s + -5. What is the remainder when 41 is divided by l?
13
Suppose -3*q + 31 = 5*u, -u = 4*q + 3*u - 44. Suppose m = 4*m + 3, 3*h = 2*m + 176. What is the remainder when h is divided by q?
10
Let f(b) = -4*b**2 - b. Let u be f(-1). Calculate the remainder when 37 is divided by 13*u/(-6)*2.
11
Suppose 17 = 5*r - 33. What is the remainder when 57 is divided by r?
7
Suppose -77 = -5*x - 3*v, 3*v = 4*x - v - 36. Suppose 0*z - 18 = -3*z. Suppose 2*